1 + 61*k**3. Let h(z) = -z**2 - 2*z + 2. Let c be h(-3). Determine a(c).
2
Let m(d) = -7*d + 2 + d + 1 - 5*d. Suppose 9*j - 7*j = 4. Determine m(j).
-19
Let b = 183 + -183. Let y(w) = w - 27. Determine y(b).
-27
Let x(y) = y**3 - 2*y**2 - 4. Let m(l) = l**2 - 8*l - 7. Let r be m(9). Let t be 2 + r - 44/2. Let p be ((-3)/2)/(9/t). Calculate x(p).
5
Let s be 28/16 - (-2)/8. Let t(k) be the first derivative of -4*k**3/3 + 8. Determine t(s).
-16
Let q(h) = h**3 + 2*h + 8. Suppose -26*p = 47*p - 6*p. What is q(p)?
8
Let g(r) = 11*r + 1 + 0*r**2 + 6*r**2 + 12 - 5*r**2. What is g(-9)?
-5
Let a(t) = 8*t - 8. Let d(o) = o - 1. Let q(s) = -2*a(s) + 18*d(s). Give q(2).
2
Let x(b) = 52*b**2 + 17*b + 12 - 3*b - 49*b**2. Let u(o) = -o**2 - 5*o - 4. Let h(r) = -7*u(r) - 2*x(r). Give h(-7).
4
Let z(b) = -b**3 - 9*b**2 + 10*b. Let g be z(-10). Suppose g*r - 12 = -2*r. Suppose -46 + r = 5*h. Let j(p) = p + 8. Determine j(h).
0
Let g(i) = -i**3 - 2*i**2 + 3*i + 3. Let v be g(-3). Let h(p) be the first derivative of -2*p**3/3 + p**2 + 3*p - 30. Give h(v).
-9
Let r(z) = 9*z**3 + z - 2. Let u be r(1). Let p be 2 + -1 - (u + (-75)/5). Let k(s) = -2*s + 11. Determine k(p).
-5
Let x(v) = -12*v**2 - 7*v + 7. Let n(w) = w**2 + w - 1. Let q(s) = 6*n(s) + x(s). Give q(1).
-6
Let o(h) = -h**3 - 12*h**2 + 14*h + 7. Suppose 8*f = 21*f + 169. Determine o(f).
-6
Suppose -4*y + 15 + 17 = -4*t, -5*y = -8*t - 46. Let d(a) = 7*a - 7. Let z(g) = -10*g + 11. Let q(k) = -7*d(k) - 5*z(k). What is q(y)?
0
Let a(u) = -u**2 - 9*u - 8. Let x be a(-8). Let y be (1 + x)*(4 - 2). Suppose 2*c = -5*l - c - 10, -3*l - c = y. Let b(k) = 11*k**3 - 2*k**2 + k. Give b(l).
10
Let m(a) = -a**2 - a - 4. Let h be m(0). Let c be (-5)/(-2) + h/(-8). Let g(y) = 11*y**2 + 0 + 6*y**2 - 12*y**2 - 1 - 2*y - y**c. Determine g(4).
7
Let k(u) = -2*u**3 + u**2 - u - 2. Let q(v) = -3*v**3 + v**2 - 2*v - 3. Let j(m) = m**2 - 4*m - 27. Let i be j(-4). Let a(x) = i*k(x) - 3*q(x). What is a(2)?
1
Let m(x) = x - 2. Let o(q) = -q**2 + 20*q - 34. Let c(a) = -m(a) + o(a). What is c(17)?
2
Let w(h) = h**3 + 3*h**2 + 4*h + 3. Suppose 0 = 17*b - 15*b + 4. What is w(b)?
-1
Let u(t) = 8*t - 11 + t**2 + 7*t**2 - t**2 - 9*t**2. Let o be u(4). Let k(x) = x + 6. Calculate k(o).
-5
Let x(z) = -17*z + 0*z**2 + 18*z + 0*z**2 + z**2. Let w(k) = -5*k**2 - 5*k. Let d(o) = w(o) + 4*x(o). What is d(-3)?
-6
Let m(w) be the second derivative of w**5/20 - w**4/2 - w**3/3 + w**2/2 - 164*w. Calculate m(6).
-11
Let d(p) be the second derivative of 2*p**3/3 - 19*p**2/2 + 94*p. Give d(7).
9
Let h(t) = 1676*t - 5*t**2 - 1 - 1672*t - 2 + 2*t**2. Let i(x) = -x**2 + 3*x + 20. Let k be i(6). What is h(k)?
-7
Let y(p) = -p**3 + 6*p**2 - 3*p - 9. Suppose 2*w - 29 = -19. Give y(w).
1
Let j(s) = 2*s - 2. Let f(i) = i - 1. Let q(o) = 3*f(o) - 2*j(o). Determine q(4).
-3
Suppose 3*d = -0*d + 6. Let y(b) = 12*b**2 + 1 - 11*b**d + 5 + 7*b. What is y(-6)?
0
Let h(r) = -r - 2. Let p be h(-3). Let i(k) = 14 - 16 - k - k - 4 + 5. Give i(p).
-3
Let n(g) = -g + 6. Let a(h) = -h + 11. Let i(d) = -d**3 - 18*d**2 + 19*d + 3. Let b be i(-19). Let j = 6 - 11. Let u(c) = b*a(c) + j*n(c). What is u(-6)?
-9
Let n(s) be the third derivative of -s**6/120 + s**5/15 + 5*s**3/6 + 31*s**2 + 2*s. Calculate n(4).
5
Let d = 18 + -14. Let v(r) = 0*r**2 - 2*r + 7*r + 4*r - r**2 - d. Calculate v(8).
4
Let u(a) be the second derivative of -a**4/6 - a**2/2 - 2*a - 2. What is u(1)?
-3
Suppose -6*f = -5*f - 42. Let h(p) = f + 3*p - 13 - 20. What is h(-6)?
-9
Let i(y) = -16*y**2 - 2*y + 1. Suppose 4*u - u - 44 = 2*z, 3*u + 2*z - 52 = 0. Suppose -u = h - 17. Give i(h).
-17
Let o(c) = 4*c + 5 + 7 - 8 - 14. Let n = 1 - -2. Let p be o(n). Let l(b) = -4*b**2 + 3*b - 1. Give l(p).
-11
Let i(v) be the second derivative of v**7/2520 + v**6/144 - v**5/40 + 5*v**4/6 - 16*v. Let r(s) be the third derivative of i(s). What is r(-5)?
-3
Suppose 3*h + 1 = 2*o, 4*h + 7 = 3*h + 2*o. Suppose 0 = 4*g + 15 - h. Let l(t) = t**2 + t - 2. What is l(g)?
4
Suppose -11*v - 30 = 14. Let r(q) = -3*q + 3. Determine r(v).
15
Let o(j) = -j**2 - 5*j + 17. Let u be o(-7). Let q be (0 + u)/(-3)*-8. Let c(v) = 0*v**2 + 0*v**2 + v + v**2 - q*v**3 - 2*v**2. Determine c(1).
-8
Let h(z) = z + 6. Suppose -4*y - 68 = 3*j, -y - j - 85 = 4*y. Let w = 11 + y. Determine h(w).
0
Let b(f) = 4*f + 0*f - 4 + 0*f**2 + 4*f**2 + 2*f - 6*f**3 + 5*f**3. What is b(5)?
1
Suppose -5*u - 1303 = -1268. Let n(q) = -q - 6. Let v(t) = -t - 6. Let h(i) = -6*n(i) + 5*v(i). Give h(u).
-1
Let t(m) = m - 1. Let u(f) = f. Let j(i) = 6*t(i) - 5*u(i). Determine j(6).
0
Let s(i) = -i**3 - 3*i**2 + 2*i - 2. Let p(c) be the second derivative of c**3/3 + c**2 - 4*c. Let m be p(2). Let k be m/(1/((-8)/12)). Calculate s(k).
6
Suppose -10 = -6*l + 4*l. Let j(f) = 8 + f - l + f. Determine j(-5).
-7
Let f(m) be the first derivative of -3*m**2 + 1/4*m**4 - 4/3*m**3 + 4 + 7*m. What is f(5)?
2
Let i(t) = -4*t**3 - 2*t**2 + 2*t - 2. Let x = -695 + 697. Give i(x).
-38
Suppose 0 = o - 0*x + 2*x - 14, -4*o + 4 = -5*x. Let r(h) = -1. Let u(y) = 2*y - 1. Let a(j) = o*r(j) + u(j). Let g = 15 - 9. Give a(g).
5
Let u be (2 + -2)/(5 + -2). Let r(s) = s + 5*s**2 - 3*s**3 + 2*s**3 - 4*s**2. Give r(u).
0
Let i(h) = -6*h. Let b(m) = -2*m - 14*m + 3*m. Let q(v) = -6*b(v) + 14*i(v). Determine q(1).
-6
Let d(j) = 5*j - 1. Let b be 3*(-2)/6*-15. Let s(q) = -q + 13. Let i be s(b). What is d(i)?
-11
Let l(p) = p + 2. Let x be l(5). Let z(s) = -3654 + 8*s**2 + 0*s**3 - 7*s - s**3 + 3659. Determine z(x).
5
Let b(s) be the third derivative of 0 - 4*s**2 + 1/12*s**4 + 1/2*s**3 + 0*s. Let i = 27 - 31. Determine b(i).
-5
Let j(b) = 2*b + 1. Let t(f) = -9*f + 3. Let v(o) = -5*j(o) - t(o). Determine v(-11).
3
Let a = 2 - 1. Let v(h) = -a - 3 + 1 + h - 8. Suppose 0 = -14*o + 6*o. Calculate v(o).
-11
Let r(m) = m**2 - 5*m + 5. Let a(v) be the second derivative of -v**4/12 - 11*v**3/6 - 3*v**2 - 3*v. Let k be a(-10). Suppose k*q = 37 - 13. Give r(q).
11
Let r(w) be the first derivative of 49 + 1/2*w**2 + 6*w. Determine r(-5).
1
Let x(o) = 6*o**3 + o**2 + 3*o - 10. Let t be x(2). Suppose -15*j - t = -21*j. Let r(h) = -h**2 + 10*h - 7. Determine r(j).
9
Let m(o) = -o**3 - 5*o**2 + 8*o + 5. Suppose 3*u + 2*u + 33 = -3*z, 0 = -2*z + 4*u - 44. Let w = 18 + z. Let l be (-2)/(w/7) + 1. Determine m(l).
-7
Let p(y) = 3*y + 10. Let s(t) = -8*t - 18. Let n(q) = 7*p(q) + 3*s(q). Determine n(4).
4
Let q(s) = s**2 - s + 2. Suppose 0 = 5*b - 8*b + 9. Suppose 0 = 2*x - b - 1. Give q(x).
4
Let d = 0 - 5. Let z(k) be the third derivative of 0*k**4 + 0*k + 0 - 1/6*k**3 + 1/120*k**6 + 1/12*k**5 - 8*k**2. What is z(d)?
-1
Let p(v) = v - 7. Let o(d) = d**2 + d. Let j be o(1). Suppose -4*f = 2*b - 20 - 4, -f - 4*b = -6. Suppose -j*z + 10 = g, f*z - z = -5*g + 20. Give p(z).
-1
Let z = 85 + -86. Let s(d) = -2*d - 1. Let y(g) = g + 1. Let j(r) = 6*s(r) + 7*y(r). Determine j(z).
6
Let h(v) be the third derivative of -v**4/6 - 7*v**3/6 + 6*v**2 - 6*v. Let c be h(0). Let j(k) = k**3 + k - 4*k + 6*k**2 - 3*k. What is j(c)?
-7
Suppose p = -r + 4*r + 7, -3*p = r - 1. Let t(k) be the first derivative of -15*k**4/4 - k**2/2 - 34. What is t(p)?
-16
Let f(r) be the first derivative of -r**4/4 + 4*r**3/3 + r**2 + 2*r - 1. Let g be (-2)/5 + 119/35. Suppose -4*h = -4, g*i = -4*h - 0 + 19. Give f(i).
-13
Let u(l) be the first derivative of 9*l + 1/3*l**3 + 11 + 0*l**2. Calculate u(0).
9
Let x(z) be the first derivative of -z**4/4 - 10*z**3/3 + 11*z**2/2 - 3*z - 199. Determine x(-11).
-3
Let r(q) be the second derivative of -q**5/20 + q**4/2 - q**2 - q + 5. What is r(4)?
30
Let w(j) = -2*j - 11. Let p = 45 - 51. Let r be w(p). Let h(o) = -3*o**2 + o - 1. Determine h(r).
-3
Let k(a) = 14*a**3 - 17*a**2 + 17*a - 1. Let f(t) = -5*t**3 + 6*t**2 - 6*t. Let d(c) = 11*f(c) + 4*k(c). Determine d(2).
0
Let y(a) = -a + 4. Let x(t) = 3*t - 9. Let o(v) = 3*x(v) + 7*y(v). Let q = -6 - -8. What is o(q)?
5
Let h(o) be the first derivative of o**3/6 + 3*o**2/2 + o - 4. Let w(n) be the first derivative of h(n). Let r be w(-3). Let s(l) = -l + 2. What is s(r)?
2
Let s(q) be the second derivative of 5/2*q**2 - 13*q - 1/2*q**3 + 0 - 1/20*q**5 - 1/2*q**4. What is s(-5)?
-5
Suppose 16 = 58*l - 274. Let r(t) = t**2 - 2*t - 17. Determine r(l).
-2
Let a(y) = y